{"id":462,"date":"2023-03-26T18:43:16","date_gmt":"2023-03-26T16:43:16","guid":{"rendered":"http:\/\/pharmacieaudebault.com\/?page_id=462"},"modified":"2023-11-14T22:58:55","modified_gmt":"2023-11-14T21:58:55","slug":"contacts-utiles","status":"publish","type":"page","link":"https:\/\/pharmacieaudebault.com\/index.php\/contacts-utiles\/","title":{"rendered":"Contacts utiles"},"content":{"rendered":"<div data-colibri-id=\"462-c1\" class=\"style-738 style-local-462-c1 position-relative\">\n  <!---->\n  <div data-colibri-component=\"section\" data-colibri-id=\"462-c2\" id=\"about\" class=\"h-section h-section-global-spacing d-flex align-items-lg-center align-items-md-center align-items-center style-739 style-local-462-c2 position-relative\">\n    <!---->\n    <!---->\n    <div class=\"h-section-grid-container h-section-boxed-container\">\n      <!---->\n      <div data-colibri-id=\"462-c3\" class=\"h-row-container gutters-row-lg-0 gutters-row-md-0 gutters-row-0 gutters-row-v-lg-0 gutters-row-v-md-0 gutters-row-v-0 style-740 style-local-462-c3 position-relative\">\n        <!---->\n        <div class=\"h-row justify-content-lg-center justify-content-md-center justify-content-center align-items-lg-stretch align-items-md-stretch align-items-stretch gutters-col-lg-0 gutters-col-md-0 gutters-col-0 gutters-col-v-lg-0 gutters-col-v-md-0 gutters-col-v-0\">\n          <!---->\n          <div class=\"h-column h-column-container d-flex h-col-lg-auto h-col-md-auto h-col-auto style-741-outer style-local-462-c4-outer\">\n            <div data-colibri-id=\"462-c4\" class=\"d-flex h-flex-basis h-column__inner h-px-lg-0 h-px-md-0 h-px-0 v-inner-lg-0 v-inner-md-0 v-inner-0 style-741 style-local-462-c4 position-relative\">\n              <!---->\n              <!---->\n              <div class=\"w-100 h-y-container h-column__content h-column__v-align flex-basis-100 align-self-lg-start align-self-md-start align-self-start\">\n                <!---->\n                <div data-colibri-id=\"462-c5\" class=\"h-global-transition-all h-heading style-742 style-local-462-c5 position-relative h-element\">\n                  <!---->\n                  <div class=\"h-heading__outer style-742 style-local-462-c5\">\n                    <!---->\n                    <!---->\n                    <h6 class=\"\">&nbsp;&nbsp;&nbsp;&nbsp;&nbsp;&nbsp;&nbsp;&nbsp;&nbsp;&nbsp;&nbsp;&nbsp;&nbsp;&nbsp;Num\u00e9ros d&rsquo;urgence :\n                      <br>\n                      <br><span style=\"font-weight: 600; font-size: 72%;\">M\u00e9decin de garde :<br><\/span><span style=\"font-weight: 400; font-size: 72%;\">116117<br>En dehors des heures d\u2019ouverture des cabinets<br><br><\/span><span style=\"font-size: 72%;\">Pharmacie de garde :<\/span>\n                      <span\n                        style=\"font-weight: 400; font-size: 72%;\">\n                        <br>3237\n                        <br>\n                        <br>\n                        <\/span><span style=\"font-weight: 600; font-size: 72%;\">SAMU 15<br>Pompiers 18<br>Police 17<br>Appel d&rsquo;urgence europ\u00e9en 112<\/span><span style=\"font-weight: 400; font-size: 72%;\"><br><br><\/span><span style=\"font-weight: 600; font-size: 72%;\">Centre antipoison d&rsquo;Angers :<\/span>\n                        <span\n                          style=\"font-weight: 400; font-size: 72%;\">\n                          <br>02 41 35 27 00\n                          <br>\n                          <br>\n                          <\/span><span style=\"font-weight: 600; font-size: 72%;\">Urgences et chirurgie de la main :<\/span><span style=\"font-weight: 400; font-size: 72%;\"><br>47 Rue de la Foucaudi\u00e8re, 49000 Tr\u00e9laz\u00e9<br>02 41 86 86 41<br><br><\/span><span style=\"font-weight: 600; font-size: 72%;\">Protection et assistance aux personnes \u00e2g\u00e9es :<\/span>\n                          <span\n                            style=\"font-weight: 400; font-size: 72%;\">\n                            <br>0800020528\n                            <br>\n                            <br>\n                            <\/span><span style=\"font-weight: 600; font-size: 72%;\">Suicide \u00e9coute :<\/span><span style=\"font-weight: 400; font-size: 72%;\"><br>01 45 39 40 00<br><br><\/span><span style=\"font-weight: 600; font-size: 72%;\">Violences conjugales :<\/span>\n                            <span\n                              style=\"font-weight: 400; font-size: 72%;\">\n                              <br>3919\n                              <br>\n                              <br>\n                              <\/span><span style=\"font-weight: 600; font-size: 72%;\">Drogues info service :<\/span><span style=\"font-weight: 400; font-size: 72%;\"><br>0 800 23 13 13<br><br><\/span><span style=\"font-weight: 600; font-size: 72%;\">Alcooliques anonymes :<\/span>\n                              <span\n                                style=\"font-weight: 400; font-size: 72%;\">\n                                <br>09 69 39 40 20\n                                <br>\n                                <br>\n                                <\/span><span style=\"font-weight: 600; font-size: 72%;\">SOS Viols Femmes Informations :<\/span><span style=\"font-weight: 400; font-size: 72%;\"><br>0 800 05 95 95<br><br><\/span><span style=\"font-weight: 600; font-size: 72%;\">Centre M\u00e9dical-Soins Imm\u00e9diats TRELAZE :<\/span>\n                                <span\n                                  style=\"font-weight: 400; font-size: 72%;\">\n                                  <br>CMSI\n                                  <br>(Rez de chauss\u00e9e, B\u00e2timent 2, Clinique St Joseph- Village Sant\u00e9)\n                                  <br>9h-19h du lundi au samedi\n                                  <br>51 rue de la Foucaudi\u00e8re 49800 TRELAZE\n                                  <br>02.59.10.07.11\n                                  <br>\n                                  <br>\n                                  <\/span><span style=\"font-weight: 600; font-size: 72%;\">&nbsp;&nbsp;&nbsp;&nbsp;&nbsp;&nbsp;&nbsp;&nbsp;&nbsp;&nbsp;&nbsp;&nbsp;&nbsp;&nbsp;&nbsp;&nbsp;&nbsp;&nbsp;&nbsp;&nbsp;&nbsp;&nbsp;&nbsp;&nbsp;&nbsp;&nbsp;<\/span>&nbsp;&nbsp;&nbsp;&nbsp;&nbsp;&nbsp;&nbsp;&nbsp;&nbsp;\n                                  <span\n                                    style=\"font-weight: 600; font-size: 101%;\">Sites utiles :<\/span><span style=\"font-weight: 600; font-size: 72%;\"><br><br>Agence Nationale de S\u00e9curit\u00e9 du M\u00e9dicaments et des produits de sant\u00e9<\/span><span style=\"font-weight: 400; font-size: 72%;\"><br><\/span>\n                                    <a href=\"https:\/\/ansm.sante.fr\" target=\"_blank\" style=\"font-weight: 400; font-size: 72%;\" class=\"customize-unpreviewable\" rel=\"noopener\">https:\/\/ansm.sante.fr\/<\/a><span style=\"font-weight: 400; font-size: 72%;\"><br><\/span><span style=\"font-weight: 600; font-size: 72%;\">Haute Autorit\u00e9 de Sant\u00e9:<\/span><span style=\"font-weight: 400; font-size: 72%;\"><br><\/span>\n                                    <a href=\"https:\/\/www.has-sante.fr\" target=\"_blank\" style=\"font-weight: 400; font-size: 72%;\" class=\"customize-unpreviewable\" rel=\"noopener\">https:\/\/www.has-sante.fr\/<\/a><span style=\"font-weight: 400; font-size: 72%;\"><br><\/span><span style=\"font-weight: 600; font-size: 72%;\">Assurance Maladie<\/span><span style=\"font-weight: 400; font-size: 72%;\"><br><\/span>\n                                      <a href=\"https:\/\/www.ameli.fr\/maine-et-loire\/assure\" target=\"_blank\" style=\"font-weight: 400; font-size: 72%;\" class=\"customize-unpreviewable\" rel=\"noopener\">https:\/\/www.ameli.fr\/maine-et-loire\/assure<\/a><span style=\"font-weight: 400; font-size: 72%;\"><br><\/span><span style=\"font-weight: 600; font-size: 72%;\">Minist\u00e8re de la Sant\u00e9 :<\/span><span style=\"font-weight: 400; font-size: 72%;\"><br><\/span>\n                                        <a href=\"https:\/\/sante.gouv.fr\" target=\"_blank\" style=\"font-weight: 400; font-size: 72%;\" class=\"customize-unpreviewable\" rel=\"noopener\">https:\/\/sante.gouv.fr\/<\/a>\n                                          <br><span style=\"font-size: 72%;\">R\u00e9sogardes (pharmacie de garde) :<\/span>&nbsp;\n                                          <br>\n                                          <a href=\"https:\/\/www.3237.fr\" style=\"font-size: 72%;\" class=\"customize-unpreviewable\">https:\/\/www.3237.fr\/<\/a>\n                    <\/h6>\n                  <\/div>\n                <\/div>\n              <\/div>\n            <\/div>\n          <\/div>\n        <\/div>\n      <\/div>\n    <\/div>\n  <\/div>\n<\/div>","protected":false},"excerpt":{"rendered":"<p>&nbsp;&nbsp;&nbsp;&nbsp;&nbsp;&nbsp;&nbsp;&nbsp;&nbsp;&nbsp;&nbsp;&nbsp;&nbsp;&nbsp;Num\u00e9ros d&rsquo;urgence : M\u00e9decin de garde :116117En dehors des heures d\u2019ouverture des cabinetsPharmacie de garde : 3237 SAMU 15Pompiers 18Police 17Appel d&rsquo;urgence europ\u00e9en 112Centre antipoison d&rsquo;Angers : 02 41 35 27 00 Urgences et chirurgie de la main :47 Rue de la Foucaudi\u00e8re, 49000 Tr\u00e9laz\u00e902 41 86 86 41Protection et assistance aux personnes \u00e2g\u00e9es : [&hellip;]<\/p>\n","protected":false},"author":1,"featured_media":0,"parent":0,"menu_order":0,"comment_status":"closed","ping_status":"closed","template":"page-templates\/full-width-page.php","meta":{"footnotes":""},"acf":[],"_links":{"self":[{"href":"https:\/\/pharmacieaudebault.com\/index.php\/wp-json\/wp\/v2\/pages\/462"}],"collection":[{"href":"https:\/\/pharmacieaudebault.com\/index.php\/wp-json\/wp\/v2\/pages"}],"about":[{"href":"https:\/\/pharmacieaudebault.com\/index.php\/wp-json\/wp\/v2\/types\/page"}],"author":[{"embeddable":true,"href":"https:\/\/pharmacieaudebault.com\/index.php\/wp-json\/wp\/v2\/users\/1"}],"replies":[{"embeddable":true,"href":"https:\/\/pharmacieaudebault.com\/index.php\/wp-json\/wp\/v2\/comments?post=462"}],"version-history":[{"count":20,"href":"https:\/\/pharmacieaudebault.com\/index.php\/wp-json\/wp\/v2\/pages\/462\/revisions"}],"predecessor-version":[{"id":1653,"href":"https:\/\/pharmacieaudebault.com\/index.php\/wp-json\/wp\/v2\/pages\/462\/revisions\/1653"}],"wp:attachment":[{"href":"https:\/\/pharmacieaudebault.com\/index.php\/wp-json\/wp\/v2\/media?parent=462"}],"curies":[{"name":"wp","href":"https:\/\/api.w.org\/{rel}","templated":true}]}}